Suppose 31*q - 29*q - 162935 + 55033 = 0. What are the prime factors of q?
53951
Let d(l) be the second derivative of l**4/12 - 3*l**2/2 + l. Suppose -h + 19 = -5*j, j + h + 0*h = 1. What are the prime factors of d(j)?
2, 3
Let a be (-2)/(-1) - 84/12. Let t be (-2)/(-4) + a/(-2). Suppose -h = -t*s + 3*h + 215, 0 = -3*s - h + 190. List the prime factors of s.
5, 13
Let b = 27746 + 22474. What are the prime factors of b?
2, 3, 5, 31
Suppose -5*t + 4*z = -201230, -5*t + 2*z + z = -201230. List the prime factors of t.
2, 20123
Suppose -3*p = 3, -6220*c - 3*p = -6223*c + 19245. What are the prime factors of c?
2, 3, 1069
Let t = -169 - -169. Suppose t = -2*q + 497 - 213. What are the prime factors of q?
2, 71
Suppose 10*s = -5*s - 765. What are the prime factors of (-8322)/(-9) - (-34)/s?
2, 3, 7, 11
Suppose -103*q - 45*q = -9276640. What are the prime factors of q?
2, 5, 1567
Suppose -21*x + 168 = 3*x. Let r(g) = -7*g**2 + 62*g - 6. What are the prime factors of r(x)?
5, 17
Let b(f) = f**2 - 6 + 2*f**3 + 2*f**2 + 2 + f - 5. List the prime factors of b(7).
3, 277
Suppose -2*r - 12690 = -52738. What are the prime factors of r?
2, 2503
Suppose 17*h - 405330 = -42*h. What are the prime factors of h?
2, 3, 5, 229
List the prime factors of -13 + 16/16*73873.
2, 3, 5, 1231
Let o(q) = 3*q**3 + 2*q**2 - 32*q + 12. What are the prime factors of o(6)?
2, 3, 5
Let s(y) = -13*y**2 - 2*y - 4. Let l be s(3). Suppose 2*o - 264 = 162. Let t = o + l. What are the prime factors of t?
2, 43
Let k(b) = 21*b**2 - 123*b + 350. What are the prime factors of k(28)?
2, 5, 7, 191
Let b = -230 + 224. List the prime factors of (613 - (3 + -5))/(b/(-4)).
2, 5, 41
Let l = -33 - -37. Suppose l*v - 29 = 3*r, 2*v + 4*r - 3 = -5. Suppose v*y - 15 = -0*y. What are the prime factors of y?
3
Suppose -2*d - v = 2*d + 152, 4 = v. Let z = d - -122. Let c = z + 0. What are the prime factors of c?
83
Suppose 3*o - 2*m - 185 = 0, -48 = -3*o + 4*m + 145. Suppose -2*k - 4*f + 3*f = -80, -5*k = 5*f - 205. Let p = o - k. What are the prime factors of p?
2, 5
Suppose 56*q - 107898 = 2983 + 93631. List the prime factors of q.
2, 11, 83
Suppose 0 = 2*i - 15*i - 1898. Let d = i - -105. Let l = 194 + d. List the prime factors of l.
3, 17
Let k(h) = 8252*h + 5794. What are the prime factors of k(6)?
2, 27653
Let z(p) = 3111*p + 5613. List the prime factors of z(16).
3, 37, 499
Let b(v) = -46*v**2 - 6*v - 7. Let l be b(6). Let q = -577 - l. What are the prime factors of q?
2, 3, 11, 17
Let w = 81 - 105. Let s = w - -429. What are the prime factors of s?
3, 5
Let w be 56/3*(-18)/(-8). Let c = w - 37. Suppose -3*z + 2*z = -c*u - 53, 5*z - u - 313 = 0. What are the prime factors of z?
3, 7
Let z be (-21)/15 + 63118/95. Let g = 1127 - z. List the prime factors of g.
2, 29
Let m(l) = -8*l + l**2 - 4 - 3 + 1. Let g be m(9). Suppose 0 = -f + 2*q + 101, -469 = -4*f + g*q - 75. List the prime factors of f.
97
Let t(h) = -2*h**2 + 7*h. Let a be t(3). Let m(x) = -3*x**3 - 5*x**2 + 10 + 2*x**a + x**2 + 0*x**2. List the prime factors of m(-4).
2, 5
Let h be (-1)/6 + 43/6. Suppose -5*u - 4*s = 953, 3*u - 4*s + 573 = -h*s. Let o = 267 + u. What are the prime factors of o?
2, 3, 13
Let o(i) = -4213*i - 1107. What are the prime factors of o(-18)?
3, 19, 23
Let z = -94 - -234. List the prime factors of 17*75 + 0 - z/28.
2, 5, 127
Suppose 14*r + 5*j = 9*r + 53500, -2*r = 3*j - 21396. What are the prime factors of r?
2, 3, 223
Let z(q) be the third derivative of q**5/60 + q**4/4 + 13*q**3 - 22*q**2. List the prime factors of z(-18).
2, 3, 7
Let h be 50/15*(-1)/4*-6. Suppose -2996 = -h*b - 2*b. What are the prime factors of b?
2, 107
Let j be 0/1*((-24)/6)/4. What are the prime factors of j + 6/((-12)/(-878))?
439
Suppose 12384 = l + 5*n - 2881, 61160 = 4*l - 5*n. List the prime factors of l.
3, 5, 1019
Suppose -2*w + 2 = 4*r, 2*r - 10 + 4 = -2*w. Suppose -w*o - 8*f + 3*f = -510, 5*f = 5*o - 510. List the prime factors of o.
2, 3, 17
Let d(g) = -28*g**2 + 2*g + 3. Let w be d(2). Let s = w + 238. What are the prime factors of s?
7, 19
Let z = -357 + 502. Suppose -5*o + z = m, -25 = -4*o - o. List the prime factors of m.
2, 3, 5
Let y = 13915 + 4971. What are the prime factors of y?
2, 7, 19, 71
Let j(a) = 679*a + 301. Let n be j(13). Suppose -n = 69*m - 76*m. List the prime factors of m.
2, 163
Let s be ((-147)/(-4))/(-1)*560/(-30). Let b = 1179 - s. List the prime factors of b.
17, 29
Let t(i) = 3*i**2 - 50*i + 62. Suppose 113*f - 75 = 110*f + 2*n, 0 = f - 5*n - 38. List the prime factors of t(f).
499
Let k be ((9/5)/(-3))/((-8)/80). Suppose -990 = -4*m - k*m. List the prime factors of (0 - 26)*m/(-18).
11, 13
Let s be -4 + 1 - (-4)/2. Let l be ((-60)/(-8))/(s/2). List the prime factors of (-13 - l) + (-7)/(-2)*58.
5, 41
Let j be ((-322)/10)/(-7) + 8/20. Suppose l - j*l + 3556 = 3*a, 3*a = 0. List the prime factors of l.
7, 127
Let r = -63 - 66. Let p = r + 118. List the prime factors of (-22)/(-3)*(-363)/p.
2, 11
Let c = -517 + 869. Suppose -6*a + c = -2018. List the prime factors of a.
5, 79
Let y = -187 + 191. Suppose -4*o = 5*w - 1019, 2*w = y*o + 5*w - 1021. List the prime factors of o.
2
Let m be 4/26 + -4 + (-1265)/(-143). Suppose -m*s + 126 = 4*t, 3*t - 2*t = -3*s + 77. What are the prime factors of s?
2, 13
Suppose -l - 105 = 4*z, 0 = -4*z + 2*l + l - 117. Let w(m) = -10*m + 47. List the prime factors of w(z).
317
Suppose -24*l = 32*l - 5264. Suppose 4*q - 12 = -0*q, -2*q - 124 = -5*i. Let f = i + l. List the prime factors of f.
2, 3, 5
Suppose 13*a - 14*a = -5. Suppose 3*q + a*o = 0, 5*q + 31 = -0*q + 2*o. What are the prime factors of 165 + (15/q - 0)?
2, 3
Let z(s) = -7*s - 11. Let m(q) = q + 1. Let b = 57 - 58. Let l(k) = b*z(k) + 2*m(k). What are the prime factors of l(3)?
2, 5
Suppose -2*p = -5*t + 29, 12 = 3*t - 4*p - 11. Suppose 3*s + 2*n - 2448 = t*n, 2442 = 3*s - n. List the prime factors of s.
3, 271
Let s(k) = -69*k + 203. Let v(g) = -71*g + 203. Let p(l) = 3*s(l) - 2*v(l). List the prime factors of p(-7).
2, 7, 47
Let b be 2*105/(-20)*(-16)/(-6). Let d = 33 + b. List the prime factors of d.
5
Let a = 17 + -37. Let k be (a/12 + 3)*3. Suppose 11*w - 651 = k*w. What are the prime factors of w?
3, 31
Suppose -h = -2*f + 9, -3*f + 8 = 7*h - 3*h. Let n be (f/2)/(6/93). Suppose 4*c - 140 = -4*l, 0*l - l + n = -c. List the prime factors of l.
3, 11
Suppose 3*a + 4*a - 84 = 0. Let o(g) = -2 + a*g**2 - 112*g - 3*g**2 + 118*g. List the prime factors of o(1).
13
Let k = 533 + -1900. Let c = -585 - k. What are the prime factors of c?
2, 17, 23
Let q = 49466 - 29671. List the prime factors of q.
5, 37, 107
Suppose -7*l - 29 = -3*m - 2*l, -8 = -4*l. Let p(b) = 5 - 2*b - 2*b**2 + 14*b**2 + b**3 + 17*b - 2*b**3. What are the prime factors of p(m)?
31
Let d = 38 - 12. Suppose d = -2*g + 350. List the prime factors of g.
2, 3
Let s(r) = r**3 - 6*r**2 - 8*r + 7. Let p be s(7). Suppose 2*u = -3*u + 4*y + 438, p = 5*u - y - 447. What are the prime factors of 8/3*9/24*u?
2, 3, 5
Let c(h) = 11*h - 23. Let v be c(7). What are the prime factors of (0 - 1)/(18/v) + 392?
389
Let n(j) = 9*j**2 + 2*j + 9. Suppose 0*q + 12 = 3*q. Let v be n(q). Let b = v - 52. What are the prime factors of b?
109
What are the prime factors of 0/2 + (-102 - -95) - -15583?
2, 3, 11, 59
Suppose 0 = -3*u + 14 - 11, 5*u + 5578 = 3*w. Suppose -11*o + 702 = -w. What are the prime factors of o?
233
Suppose 0 = 4*c - 4, -5*o + 22 = -3*c. Let d be (-18)/(-27) + 19/3. Suppose -o*u - d*u = -2256. What are the prime factors of u?
2, 47
Let m be (-8)/20*1 - 32/(-5). Suppose 0 = 3*i + 2*v - 11, -i + m + 7 = 3*v. What are the prime factors of i + 1 + 1 + 115 + -4?
2, 3, 19
Suppose -98*g + 82*g = -63552. List the prime factors of g.
2, 3, 331
Let k(z) = 8312*z - 89. List the prime factors of k(1).
3, 2741
Let y(w) = w**3 + 9*w**2 + 15*w + 1. Let d be y(-7). What are the prime factors of d*2/(-9)*3?
2
Let i be -1 + 125 + (-6 - -4)*1. Let x = i - -182. What are the prime factors of x?
2, 19
Suppose -8*m + 11*m - 321 = 0. Let l = m - 213. Let i = l + 218. What are the prime factors of i?
2, 7
Let g = 296 - 155. Let n = g + 146. List the prime factors of n.
7, 41
Let y(s) = -s**2 - 6*s + 5583. Let x be y(0). Suppose x = 23*c - 1156. List the prime factors of c.
2